mon divisor of x and n.
22
Let s = 7 - -15. Suppose -2*j = -3*j - 4. Let y be 22/3*(-6)/j. Calculate the highest common divisor of s and y.
11
Suppose -14*j + 15*j = 162. What is the greatest common factor of 18 and j?
18
Let b = 10 + 6. Suppose -q - n + 555 = 0, 5*n = -q - 2*q + 1655. Suppose -2*w - 3*w + q = 0. What is the greatest common divisor of w and b?
16
Suppose -6*g = -g + 145. Let c = -20 - g. What is the highest common divisor of 1 and c?
1
Let b = -2 - -4. Let q be (3 - b) + (-29)/(-1). Let d(s) = s**2 + 3*s - 3. Let n be d(3). Calculate the highest common factor of q and n.
15
Let z = 54 + -268. Suppose 5*k + 728 = 153. Let s = k - z. What is the highest common factor of s and 9?
9
Let j be (-6)/24 + (-274)/(-8). Calculate the greatest common divisor of j and 374.
34
Suppose 5*m = -u + m - 18, 4*u + 33 = -3*m. Let x be 25/(-10)*u/15. Let d = -12 + 23. Calculate the greatest common factor of x and d.
1
Let q be ((-99)/5)/((-24)/80). Let p be (q/15)/((-2)/(-20)). What is the highest common divisor of 4 and p?
4
Let z be 1*(-5)/(-15)*57. What is the highest common factor of 190 and z?
19
Let c be (-3)/(-2) + 1/(-2). Suppose -10 = -3*d - c. Let l = 38 - 26. What is the highest common factor of l and d?
3
Suppose 0 = b + 4*b - 255. Suppose -4*a + 12 = -2*a + 3*i, -5*a + 3*i + b = 0. What is the greatest common divisor of a and 36?
9
Suppose 0 = -v - 4*v + 15. Let a be v/(0 + 3)*21. Let h = 16 + -9. What is the greatest common divisor of h and a?
7
Suppose -21 = -n + 78. Suppose 4*v + 2*w = 48, -5*w = 2*v - 4*v. Let i = v - 1. What is the greatest common divisor of n and i?
9
Let p(x) = 2*x**2 + 7*x - 1. Let i be p(6). Suppose -a + i = -22. Calculate the greatest common factor of 54 and a.
27
Let n = -2 - -5. Suppose -n*i = 2*i - 50. Let j = 2 + i. Calculate the highest common divisor of 96 and j.
12
Let b be (-51)/(-7) - 18/63. Calculate the highest common divisor of b and 49.
7
Let w = -9 - -13. Suppose -x - 5 - 1 = 0. Let u be (-1 + 0)/(1/x). What is the greatest common factor of w and u?
2
Let v be (2/(-4))/((-3)/18) + 18. Calculate the greatest common factor of 7 and v.
7
Suppose 6*g - 65 = 7*g. Let b be 1/(g/(-64) - 1). What is the greatest common factor of b and 8?
8
Let i = -15 - -20. Suppose 0 = -a + 3*t + 7 + 11, i*a - 2*t - 103 = 0. What is the highest common divisor of a and 7?
7
Let j be -6*6/63 + (-718)/(-7). Calculate the greatest common divisor of 153 and j.
51
Let y(j) be the first derivative of -j**4/2 + 2*j**3/3 + j**2 + j + 1. Let f be y(-2). Calculate the highest common divisor of 14 and f.
7
Let i = 3 - -45. Let n(l) be the second derivative of l**3/2 + 2*l**2 - l. Let v be n(4). What is the greatest common divisor of i and v?
16
Let b be (-348)/(-9) - (-4)/(-6). Let d(h) = -10*h - 13. Let x be d(-7). Calculate the highest common divisor of b and x.
19
Suppose 5*v + 4 = 24. Suppose -r = -5, -3*d + r + 43 = d. What is the highest common factor of v and d?
4
Let o = -3 - -2. Let h be ((-1)/(-2))/o*-40. Calculate the highest common divisor of h and 5.
5
Let o(s) = -s**3 + 7*s**2 - s + 13. Let l be o(7). What is the highest common divisor of l and 48?
6
Let u(y) be the third derivative of -y**5/60 + y**4/8 + y**3/3 - 2*y**2. Let s = 6 - 3. Let w be u(s). What is the greatest common factor of 2 and w?
2
Suppose -3*c - 89 = -5*t, -3*t + 54 = 4*c - 6*c. Let d(l) = -l**3 + 7*l**2 + 7*l + 2. Let i be d(6). Calculate the greatest common factor of t and i.
16
Suppose 2*m = -m + 12. Suppose -j + 480 = m*j. Suppose 3*a + 3*o = 51, -2*a + o + 9 + 10 = 0. What is the greatest common divisor of a and j?
12
Suppose -5*d + 605 = -165. Suppose 5*m + 15 = 0, d = 5*n + 5*m + 54. What is the highest common factor of 46 and n?
23
Let p = -137 + 140. What is the highest common divisor of 39 and p?
3
Let l be 4/10 - 18/(-5). Calculate the highest common factor of 16 and l.
4
Let l = -15 - -18. Let q be (3 + -2 - -11)/1. What is the highest common divisor of q and l?
3
Let r(u) = -u**3 - 3*u**2 - 4*u - 4. Let l be r(-3). Let j(q) = q**3 - 7*q**2 - 8*q + 10. Let x be j(l). Calculate the greatest common divisor of x and 110.
10
Suppose -4*v - 15 = v. Let n be -13*1*(v + 2). Let f = 18 + 73. Calculate the greatest common factor of f and n.
13
Let j(r) = -26*r - 3. Let f be j(-9). Calculate the greatest common factor of f and 21.
21
Let x = 276 - 51. What is the greatest common factor of x and 25?
25
Suppose 2*d = 2*j + 82, -4*d - 5*j + 165 = -8*j. What is the greatest common factor of d and 12?
6
Let z(u) = -16*u**3 + u**2 + 8*u + 7. Let i be z(-1). What is the highest common factor of 40 and i?
8
Let f be 19/(1 - (-1)/(-2)). What is the highest common divisor of 19 and f?
19
Suppose 2*v - 6*k = -2*k + 10, -4*k - 28 = -4*v. What is the highest common factor of 18 and v?
9
Let j be ((-4)/6)/(-1)*-36. Let b = j - -40. Let k be (-168)/(-3)*(-80)/(-140). What is the greatest common factor of k and b?
16
Let r be (-83)/(-5) + (-18)/(-45). Suppose 0 = -2*g + 15 + r. What is the greatest common factor of 144 and g?
16
Let z(s) = -s - 6. Let g be z(-10). What is the greatest common divisor of 10 and g?
2
Let w = -104 + 181. Let s be 50*(3 - (-17)/(-5)). Let c be 2/5 + (-212)/s. Calculate the highest common divisor of w and c.
11
Let c = -108 + 228. What is the greatest common factor of 24 and c?
24
Suppose 2*b - 4*f - 30 - 12 = 0, -5*b + 125 = -5*f. Calculate the highest common divisor of b and 87.
29
Let x(v) = 3 + 49*v + 5 - 22*v. Suppose -n - 3*u + 15 = 0, 0*n - 3 = -3*n + 5*u. Let d be x(n). What is the greatest common divisor of d and 17?
17
Suppose 2*i - 8 = -4*x + x, -5*x = -2*i - 8. What is the greatest common factor of i and 1?
1
Suppose 2*a - 5*z - 45 = 0, -4*z - 5 - 22 = -a. Let h be 610/5 - (0 - -2). Calculate the highest common factor of h and a.
15
Suppose 2*a - 60 = a. Calculate the greatest common factor of a and 6.
6
Let r = -30 + 9. Let o be r/(-5) - (-3)/(-15). Suppose 0 = -4*y - 4*q + 120, y - q = q + 36. Calculate the highest common divisor of o and y.
4
Let j = 23 + -13. Let o = j + -88. Let a = 113 + o. Calculate the highest common factor of 5 and a.
5
Let v = 54 + -37. Let b(p) = -p**3 + p**2 - p + 119. Let i be b(0). What is the highest common divisor of i and v?
17
Let m(i) = 5 - 4*i + i + i**2 - 3*i. Let w be m(7). Suppose 3*h + 4*c + 11 = 0, -3*h + 8 = -2*c - 11. What is the highest common divisor of w and h?
3
Suppose 2 = 2*a - a - y, 3*y + 12 = 5*a. Calculate the greatest common factor of 39 and a.
3
Suppose 0 = -4*w - 2*p + 11 + 41, 5*w + 5*p - 60 = 0. Let y be (w/5)/((-4)/(-20)). Calculate the highest common factor of 126 and y.
14
Suppose 0 = m - 16 - 0. Let p(v) = -v**3 + 4*v**2 + 7*v - 6. Let j be p(5). What is the highest common divisor of j and m?
4
Let o(z) = -z**2 + 18*z + 80. Let s be o(20). Calculate the highest common factor of 60 and s.
20
Let t be 1/(18/(-10) - -2). Suppose -4*b - t*q = -20, -2*b - 10 = -5*b - 5*q. Calculate the greatest common divisor of 90 and b.
10
Let o(u) = -7*u**2 - u + 6. Let w(g) = 11*g**2 + 2*g - 9. Let k(a) = -8*o(a) - 5*w(a). Let y be k(4). What is the highest common factor of y and 45?
5
Let q = -6 - -14. Suppose -q = 2*t - 0. Let v be (-1)/t - 142/(-8). What is the greatest common divisor of v and 2?
2
Let g = -8 - -8. Suppose g = 2*i + 2*l - 5 - 19, 2*l - 8 = 0. What is the greatest common divisor of 12 and i?
4
Let g(d) = -3*d**2 - 5*d + 3. Let n be g(5). Let t = -69 - n. Suppose -7*q = -2*q, -4*p + 2*q = -t. Calculate the highest common factor of 7 and p.
7
Suppose 94 = 4*x - 122. Let c be (-2)/(-6) - (-3)/(-9). Suppose -5*s + v + 2*v = -80, 3*s - 3*v - x = c. Calculate the greatest common divisor of 13 and s.
13
Let a(f) = f + 7. Let g be a(-5). Let n be (-6)/g*30/(-18). Suppose 2*l + k = 71, 4*l - 4*k - 145 = -9*k. Calculate the highest common factor of l and n.
5
Let y(p) = -p**3 - 4*p**2 + p + 2. Let j be y(-5). What is the highest common divisor of j and 66?
22
Let u(m) = 2*m - 4. Let l be u(5). Let c(n) = n**3 - 6*n**2 + 5*n + 4. Let y be c(5). Suppose 2*p = y*p - 12. Calculate the highest common factor of p and l.
6
Suppose -2*a + 66 = -0*a. Suppose 2*w = 5*m + 2, 4*w - 43 = -w + 3*m. What is the greatest common divisor of a and w?
11
Let t be (1 - 75/5)*-1. What